-q**2 + 6*q. Let a be k(6). Suppose -3*h - 9 = 4*i, -3*h + 9 + 9 = -5*i. Let s = h + a. What is the units digit of s?
1
Let n(d) = -11*d**3 - 3*d**2 - 3*d - 5. What is the units digit of n(-2)?
7
Let n(j) be the first derivative of j**4/4 - 3*j**3 + 5*j**2 - 10*j + 6. What is the units digit of n(8)?
6
Let i = -206 + 122. Let r = i + 135. What is the units digit of r?
1
Suppose 2*n = 7*n - 2*y - 114, -3*n + 60 = 3*y. What is the tens digit of n?
2
Let h = 0 + 3. Suppose -5*j = -0*j - h*x + 15, x = 0. Let g = 3 - j. What is the units digit of g?
6
Let r = -5 + 10. Suppose 5*g - 5*l - r = 0, -2*l = -g - 4*g + 11. What is the tens digit of 3*(19/g + -3)?
1
Suppose 9 = 2*x - 3*s - 1, 0 = 2*s. Suppose x*i - 43 - 27 = 0. What is the tens digit of i?
1
Suppose 813 = 4*i - 0*i - 3*s, 0 = 2*i - s - 409. What is the hundreds digit of i?
2
Let x = -6 + 4. Let j = x + 2. Suppose j*c - 20 = -4*c. What is the units digit of c?
5
Let h(d) = -d. Let g(u) = u**3 + 4*u**2 + 9*u + 3. Let b(t) = g(t) + 5*h(t). Let l be b(-3). What is the units digit of (-3 - -2 - -3) + l?
2
Suppose -i + 2*i = 0. Suppose -5*t - 3*f = -59, -2*t + i*t = -5*f - 5. Suppose 0 = -0*b - b + t. What is the units digit of b?
0
Suppose -7*l + 914 - 39 = 0. What is the hundreds digit of l?
1
Let p(n) = 13*n**2 - n. Let y be p(-1). Let d = y + 0. What is the tens digit of d?
1
Let z(v) = -v**2 + 14*v - 10. What is the units digit of z(8)?
8
Let d(u) = 35*u + 10. What is the hundreds digit of d(7)?
2
Let i(y) = y**3 + 3*y**2 - 1. Let h be -3 + (-1)/2*-10. Let t be i(h). Suppose -l - 4*r + t = -2*r, -l - 6 = -3*r. What is the units digit of l?
9
What is the units digit of 96/18 + 1/(-3)?
5
Suppose -5*l = -5*g + 185, -5*l = 3*g + 2*g - 215. Suppose 0*o + 4*o - g = 0. What is the tens digit of o?
1
Suppose 4*w - 724 = -5*j + 58, 0 = 2*w + j - 394. What is the hundreds digit of w?
1
Let r(q) = q + 2. Let n = 3 - 3. What is the units digit of r(n)?
2
Let v(n) = n**2 - 4*n - 1. Let x be v(-3). Suppose 2*s - 13 = s + 5*y, -4*y = -4*s + x. Suppose 5*k - 9 = 4*j, j + 0*j = s*k - 4. What is the units digit of k?
1
Suppose -q = -5*u - 2*q, -5*u = -3*q + 20. Let y be 1 - (14 + u/(-1)). What is the units digit of 51/7 - (-4)/y?
7
Let p(y) = -1. Let k(n) = -4*n + 6. Let v(o) = k(o) + 4*p(o). What is the units digit of v(-8)?
4
Let x(y) = 40*y. What is the tens digit of x(3)?
2
Suppose 3*a + 0*a + 6 = 0. Suppose -27 + 9 = -3*z. Let m = a + z. What is the units digit of m?
4
Suppose 0 = -4*w + 3*i + 8, -i - 2 = -w + 2*i. Suppose -n = w*n - 165. What is the tens digit of n?
5
Let h(y) = -y - 6. Let n be h(7). Let z = n - -26. What is the units digit of z?
3
Suppose -k = -d, -21 = -k - k - 5*d. Suppose -t - s - k = 0, -11 = -0*t - 3*t + s. Suppose -2 = -t*m - 2*c, -2*m - 2 = -4*c - 4. What is the units digit of m?
1
Let c = 59 - 18. What is the tens digit of c?
4
Suppose x + 4*x - 3*i - 803 = 0, 3*x = 5*i + 469. What is the units digit of x?
3
Let i be (1 + -2)/(2/(-4)). What is the units digit of ((-5)/10)/(i/(-12))?
3
Let f(y) = -4*y**3 - 2*y**2 + 2. Let k(d) = -d**2 - 5*d + 4. Let u be k(-6). Let z be f(u). Let i = 43 - z. What is the units digit of i?
7
Let c(p) = 7*p**2 + 2*p - 1. Let o(d) = -d**3 + 8*d**2 - 8*d + 4. Let t be o(7). What is the tens digit of c(t)?
5
Suppose g = -2*g + 27. Let h(n) = -n**2 + 8*n + 9. Let m be h(g). What is the units digit of 0 + m/1 + 6?
6
Let o(u) = -2*u**2 + 6*u - 4. Let k(d) = -3*d**2 + 7*d - 5. Let h(y) = -3*k(y) + 4*o(y). Let i be h(2). Let n = i + -6. What is the units digit of n?
3
Let i be (-1)/(-6)*3*2. Let r = i - -27. Let w = -12 + r. What is the units digit of w?
6
Suppose 3*p - 8*p - 25 = -5*w, 25 = -3*w - 5*p. Suppose w - 12 = -4*j. Suppose -j*z + 18 + 3 = 0. What is the units digit of z?
7
Suppose 0*o = 5*k - o - 979, -593 = -3*k - 5*o. What is the hundreds digit of k?
1
Let m(o) = -o**2 - 13*o - 7. Suppose 2*l = -3*w - 18, -2*w + 3*l - 2 - 10 = 0. What is the tens digit of m(w)?
3
Let c = 2 + 5. Let o = -10 + c. Let n = o + 4. What is the units digit of n?
1
Suppose -123 = -3*t - 0. What is the tens digit of t?
4
Suppose -4 = 4*y, -y + 17 - 206 = -4*p. What is the units digit of p?
7
Suppose 196 = h - 4*m, -602 = -3*h - 0*m - 2*m. What is the units digit of h?
0
Suppose 5*r + 3*d = -0*d + 15, -3*d = -5*r - 15. Suppose -5*v + 4*v + 9 = r. Let s = 17 - v. What is the units digit of s?
8
Suppose 4*r = -0*r - 68. Let c = r + 24. What is the units digit of c?
7
Let p = -5 + -9. Let h = 49 + p. What is the units digit of h?
5
Let u = -63 + 108. Let x be (3 - u/6)*-2. Suppose -18 = -3*l + x. What is the units digit of l?
9
Suppose 111 = -7*c + 10*c. What is the units digit of c?
7
Let n be (-4)/12 - (-128)/6. Let t = n - 14. Suppose -2*b + 9 = -t. What is the units digit of b?
8
Let w(s) = s**3 + 9*s**2 - 8*s + 12. What is the hundreds digit of w(-8)?
1
Let y(d) = -d + 3. Let s be y(-3). Let m = 14 - s. What is the units digit of m?
8
Let j(s) be the second derivative of s**4/2 - 2*s**3/3 + 3*s**2/2 - 9*s. What is the units digit of j(3)?
5
Let w = 3 + -5. Let q be 15 + -1 + 0/w. What is the units digit of 2*(-3)/((-12)/q)?
7
Suppose 4*g + g + 280 = 0. Let f = g + 80. What is the units digit of f?
4
Let f be 3/(2*3/10). Suppose 3*z = -f*j + 29, -z = -5*j + 17 - 0. What is the units digit of z?
3
Suppose -2*v + 4 + 6 = q, 5*q - 5*v - 5 = 0. What is the units digit of q?
4
Let y(i) = i**2 - 3*i + 6. Let m be y(4). Suppose -11*z + m*z = -33. What is the tens digit of z?
3
Suppose 16 = h + 3*h. Suppose -h*f = -w - 2, 0 = -w - 0*w - f + 8. What is the units digit of (6 - 18)*w/(-8)?
9
Suppose 5*g + 7 = -8, 0 = 5*j + g - 172. Let p = j + -22. What is the tens digit of p?
1
Suppose -3*z = 2*x - 1030 + 333, 4*x + 5*z = 1391. What is the hundreds digit of x?
3
Let h = 0 - -70. What is the units digit of h?
0
Let y(k) = k**3 - k**2 - k + 11. Let x be (-1)/1*3 - -3. What is the units digit of y(x)?
1
Suppose h - 2*o - 53 = 0, 3*h - 59 = 2*o + 92. What is the tens digit of h?
4
Suppose 532 = 4*u + 5*k, -4*u + 440 + 96 = 4*k. Suppose 0 = 2*w - 0*p + p - 57, 4*p - u = -5*w. What is the tens digit of w?
3
Let x = -75 + 36. What is the units digit of 6/39 - 618/x?
6
Let p(j) = -j**3 + 17*j**2 + 21*j - 21. What is the tens digit of p(18)?
3
What is the units digit of (15/20)/((-2)/(-168))?
3
Let j = 8 - 4. Suppose -4*d + 10 = -2*d, j*d - 40 = -5*y. What is the units digit of y?
4
Suppose 2*q + 5*t - 39 = 0, 2*q - 3*t = 3*q - 22. Suppose 5*p - 3 = -4*c, 5*p - c - 3*c + 13 = 0. Let v = p + q. What is the units digit of v?
6
Let j(h) = 2*h - 5. Let r be j(4). Let x be 6*1 - (r - 2). Suppose x*s = 2*m - 20 + 8, 0 = 5*m - 2*s - 30. What is the units digit of m?
6
Suppose 4*d - 13 = w, -4*w + 5*d + 0*d - 8 = 0. Let r(t) = -t**2 - 11*t + 5. Let a be r(-11). Suppose a = w*h - 4. What is the units digit of h?
3
Let n be -6 + 2 - (1 - 2). What is the units digit of 5*n/(-15)*2?
2
Suppose -3*k - 256 = -2*o, 4*o + 14 - 566 = -4*k. What is the units digit of o?
4
Suppose 16 = 5*r - r. Let n = -3 + r. What is the units digit of n?
1
Suppose 6*m - 19 = 959. What is the hundreds digit of m?
1
Suppose -4 + 8 = 2*s. What is the units digit of s?
2
Suppose -26 = -4*h - 14. Suppose 12 = h*u - 2*w, -4*w = -0*u - 3*u + 12. What is the units digit of u?
4
Let l = 3 + -3. Suppose l = q - 0 + 1. Let p(i) = -3*i - 1. What is the units digit of p(q)?
2
Let o = 211 - 66. What is the hundreds digit of o?
1
Suppose -37 = -h + 31. What is the units digit of h?
8
Let m = 28 + -14. Let p(u) = -u**3 - 6 + 6*u**2 + 5*u + m + u. What is the units digit of p(7)?
1
Suppose 0*z + 108 = 4*z. What is the tens digit of z?
2
Let z = -18 - -10. Let i = 9 + z. What is the units digit of i?
1
Let r = 56 - 14. What is the units digit of r?
2
Let r(t) = 3*t**2 - 15*t - 4. Let g be r(5). Let h(z) = -z**3 - z**2 - z - 2. Let k be h(-3). Let l = k + g. What is the units digit of l?
5
What is the tens digit of (-1 - (-1 - 1))*34?
3
Let n(d) = -16*d + 8. What is the units digit of n(-4)?
2
What is the units digit of (-16)/(4/(-2)) - -2?
0
Let z(m) = -6*m. What is the units digit of z(-1)?
6
Suppose b - 57 = -7*o + 3*o, 0 = b - 4*o - 25. What is the units digit of b?
1
Let u(z) be the second derivative of -z**4/4 - z**3/6 - 3*z. L